at is n(-1)?
24
Let k(v) = 63*v + 441. What is k(-10)?
-189
Let i(o) = -22*o**2 + 82*o + 31. What is i(4)?
7
Let n(w) = 1483*w - 51902. What is n(35)?
3
Let v(g) = g**3 + 6*g**2 - 31*g + 41. Give v(-9).
77
Let h(r) = 22*r**2 + 100*r + 300. Calculate h(-3).
198
Let c(s) = 11*s**2 - 50*s - 59. Give c(7).
130
Let s(a) = 14*a + 89. Give s(10).
229
Let b(i) = -98*i + 6039. Determine b(61).
61
Let i(a) = -482*a - 2. Calculate i(0).
-2
Let i(q) = 34*q**2 + 885*q + 58. What is i(-26)?
32
Let b(m) = -m**2 + 18*m + 393. Determine b(-13).
-10
Let a(p) = 75*p - 287. Give a(4).
13
Let n(r) = 75*r - 1068. What is n(14)?
-18
Let n(z) = -92*z + 1573. What is n(17)?
9
Let b(u) = -u**2 + 64*u - 632. Determine b(51).
31
Let n(i) = 1728*i + 1728. What is n(-1)?
0
Let f(a) = 928*a - 928. Give f(1).
0
Let o(d) = -10206*d - 51042. What is o(-5)?
-12
Let o(s) = -2*s**3 - s**2 + 8*s - 4. Calculate o(-3).
17
Let s(u) = -11*u**3 - 3*u**2 - 13*u + 18. Calculate s(-4).
726
Let n(l) = -l**3 + 15*l**2 + 3*l - 75. Determine n(15).
-30
Let w(r) = 16*r**2 - 148*r - 313. Determine w(11).
-5
Let b(y) = -y**2 + 327*y + 1985. Determine b(-6).
-13
Let i(p) = -39*p - 1093. Give i(-29).
38
Let o(d) = 352*d + 242. Calculate o(-3).
-814
Let o(l) = -l**2 + 38*l - 30. Calculate o(33).
135
Let u(i) = -101*i - 535. Determine u(-4).
-131
Let d(z) = 5*z**2 + 7*z - 25. Give d(5).
135
Let x(d) = -2*d**3 - 7*d**2 - 45*d + 247. Give x(3).
-5
Let r(o) = -342*o + 4769. What is r(15)?
-361
Let u(s) = 2*s**2 - 220*s - 911. Give u(114).
1
Let o(k) = 5*k**3 + 19*k**2 + 10*k - 7. Give o(-3).
-1
Let i(g) = g**3 + g**2 - 21*g - 48. Calculate i(-3).
-3
Let f(q) = -q**3 + q**2 - 4*q + 3. Determine f(2).
-9
Let c(y) = -148*y - 5362. Calculate c(-36).
-34
Let c(k) = k**3 + 11*k**2 + 10*k + 58. Calculate c(-10).
58
Let r(u) = -u**3 + 102*u**2 + 42. Give r(0).
42
Let l(q) = -1254*q - 1256. Calculate l(-1).
-2
Let p(j) = -45*j + 358. Give p(8).
-2
Let b(m) = -m**2 - 471*m + 5299. What is b(11)?
-3
Let b(i) = 10*i**2 - 21*i - 2. Give b(0).
-2
Let s(q) = -3*q**3 + 39*q**2 - 12*q - 28. Give s(1).
-4
Let y(l) = -24*l**2 - 17*l + 23. Give y(1).
-18
Let z(m) = 6132*m + 12249. Give z(-2).
-15
Let q(b) = -24*b**2 + 33*b. Give q(2).
-30
Let g(n) = n**3 - 15*n**2 + 61*n - 526. What is g(12)?
-226
Let q(u) = 4*u**3 - 76*u**2 + 70*u - 1302. Give q(19).
28
Let x(p) = 125*p + 713. Determine x(-6).
-37
Let h(z) = 13*z**3 - 124*z**2 - 54*z + 16. What is h(10)?
76
Let n(c) = 2*c**3 + 62*c**2 + 60*c. Give n(-30).
0
Let n(g) = -22*g**3 + 16*g**2 - 10*g + 8. Give n(1).
-8
Let b(p) = 17*p - 20. Determine b(3).
31
Let g(u) = -u**3 - 16*u**2 + 51*u - 30. Calculate g(-19).
84
Let l(a) = -a**3 - 11*a**2 - 6*a + 87. Give l(-9).
-21
Let i(f) = -35*f + 453. Calculate i(15).
-72
Let c(w) = -w**3 - 11*w**2 + 21*w - 55. Calculate c(-11).
-286
Let w(x) = -12*x - 76. Give w(-7).
8
Let p(k) = 3046*k - 36543. Give p(12).
9
Let r(g) = -8*g - 27. What is r(28)?
-251
Let n(t) = -t**3 - 81*t**2 + 76*t - 432. Determine n(-82).
60
Let j(x) = x**2 - 31*x - 672. What is j(-15)?
18
Let k(g) = -7*g**2 + 69*g - 60. Give k(1).
2
Let n(j) = -3*j**2 + 17*j + 190. Give n(8).
134
Let w(o) = -5*o**3 + 98*o**2 + 41*o - 3. What is w(20)?
17
Let u(r) = 10*r**3 - 9*r**2 - 21*r - 15. Give u(-2).
-89
Let k(u) = u**3 - 14*u**2 + 30*u + 52. What is k(4)?
12
Let o(d) = -8*d + 144. What is o(29)?
-88
Let s(v) = -v**3 - 19*v**2 - 61*v - 30. Give s(-15).
-15
Let t(j) = j**2 - 24*j + 86. Determine t(4).
6
Let p(u) = u**3 + 92*u**2 + 1585*u - 12. Determine p(-23).
34
Let r(x) = 8*x - 66. Calculate r(8).
-2
Let a(v) = -8*v - 141. Calculate a(-12).
-45
Let u(h) = 2*h + 17. Calculate u(20).
57
Let q(u) = 2*u - 85. Calculate q(37).
-11
Let d(o) = 11*o**2 + 12*o - 37. Calculate d(4).
187
Let x(u) = -72*u + 1239. Determine x(18).
-57
Let u(p) = p**2 + 44*p + 278. Give u(-7).
19
Let s(q) = -q**3 - 16*q**2 + 222*q - 423. Give s(7).
4
Let u(v) = -55*v**3 - v**2 - 3*v + 4. Determine u(1).
-55
Let d(x) = x**3 - x**2 + 111*x - 230. What is d(0)?
-230
Let j(x) = -582*x + 1425. Calculate j(3).
-321
Let u(b) = 130*b - 10788. Give u(83).
2
Let a(u) = 8*u**3 + 510*u**2 - 123*u + 313. What is a(-64)?
-7
Let z(r) = -524*r - 2623. Give z(-5).
-3
Let y(z) = z**3 + 15*z**2 - 120*z + 149. Calculate y(-21).
23
Let c(a) = -66*a - 2389. What is c(-36)?
-13
Let b(h) = 22*h + 19. Determine b(13).
305
Let w(h) = -4*h**2 + 158*h - 68. Give w(39).
10
Let d(w) = -20*w - 57. What is d(7)?
-197
Let u(t) = 156*t - 1891. Determine u(12).
-19
Let y(s) = -2*s**3 - 203*s**2 - 295*s + 538. Give y(-100).
38
Let x(m) = -11*m**3 - 383*m**2 + 55*m - 520. What is x(-35)?
5
Let c(x) = -x**2 + 132*x + 18. Determine c(132).
18
Let m(q) = 7*q + 69. Determine m(-8).
13
Let b(a) = a**3 - 8*a**2 - 36*a + 25. Determine b(11).
-8
Let o(z) = -2*z**2 + 152*z - 2503. What is o(24)?
-7
Let r(t) = -6*t**3 - t - 2. What is r(-3)?
163
Let a(z) = -80*z - 797. What is a(-10)?
3
Let g(b) = -3*b**3 + 6*b**2 + 125*b - 515. Give g(4).
-111
Let n(f) = -12*f**3 + 81*f**2 + 10*f + 34. Calculate n(7).
-43
Let u(m) = -9*m**2 - 275*m - 535. Give u(-2).
-21
Let t(h) = -h**3 - 95*h**2 - 285*h - 861. What is t(-92)?
-33
Let g(j) = 7*j**2 + 118*j + 346. Give g(-3).
55
Let j(v) = -124*v - 27. What is j(-4)?
469
Let f(h) = -h**3 + 10*h**2 + 320*h - 2691. What is f(8)?
-3
Let b(q) = -q**2 + 134*q - 919. Calculate b(7).
-30
Let r(n) = 251*n - 2289. Calculate r(9).
-30
Let d(r) = 72*r + 265. Give d(-4).
-23
Let c(s) = 190*s + 1599. What is c(-8)?
79
Let f(v) = -21*v + 630. What is f(25)?
105
Let f(i) = -47*i**3 + 2*i**2 - 2*i + 2. Give f(-2).
390
Let b(d) = -136*d - 5084. What is b(-38)?
84
Let q(y) = -y**2 + 2321*y - 13897. Determine q(6).
-7
Let y(d) = 116*d + 1749. Determine y(-15).
9
Let j(u) = -22*u - 159. Calculate j(-7).
-5
Let y(l) = -l**2 - 164*l - 1541. What is y(-10)?
-1
Let y(z) = 58*z + 2918. What is y(-52)?
-98
Let w(j) = j**3 - 12*j**2 + 21*j - 50. Give w(9).
-104
Let n(w) = -65*w - 1781. Calculate n(-27).
-26
Let l(d) = -7*d**2 + 88*d + 29. Calculate l(12).
77
Let d(i) = -i**3 - 53*i**2 + 48*i - 322. Give d(-54).
2
Let n(p) = 2*p**3 + 21*p**2 + 35*p - 42. Determine n(-7).
56
Let t(x) = x**2 - 13403*x + 40196. Calculate t(3).
-4
Let r(o) = o**2 + 6*o - 6. Calculate r(-10).
34
Let m(b) = -b**3 + 39*b**2 - 37*b - 43. Give m(38).
-5
Let p(g) = 2*g**3 + g**2 + 6*g - 14. Determine p(2).
18
Let d(k) = 33*k**2 - 184*k - 83. Give d(6).
1
Let d(g) = -1870*g + 102877. Give d(55).
27
Let d(y) = -y**2 - 1644*y - 8205. What is d(-5)?
-10
Let z(p) = -4*p**3 - 4*p**2 - 291*p - 880. Determine z(-3).
65
Let v(j) = -68*j + 354. Give v(5).
14
Let q(w) = -w**3 + 19*w**2 + 45*w + 16. What is q(21)?
79
Let c(m) = 117*m**2 - 2103*m + 29. Give c(18).
83
Let x(t) = -18*t + 164. Determine x(11).
-34
Let h(l) = -l**3 + 6*l**2 + 27*l - 149. Determine h(8).
-61
Let r(g) = -g**2 - 657*g + 22792. Give r(33).
22
Let x(h) = -20*h**2 + 49*h - 195. Calculate x(8).
-1083
Let k(t) = t**3 + 30*t**2 + 136. Determine k(-30).
136
Let d(k) = -99*k - 10838. Determine d(-112).
250
Let q(w) = 2*w**2 + 237*w + 231. Give q(-1).
-4
Let c(v) = 59*v - 415. What is c(7)?
-2
Let l(x) = -83*x - 4236. Calculate l(-51).
-3
Let i(h) = 75*h + 3772. Determine i(-50).
22
Let u(d) = -23*d + 557. What is u(17)?
166
Let f(t) = -t**3 + 23*t**2 - 127*t - 34. Determine f(10).
-4
Let i(y) = -16*y - 241. Give i(-6).
-145
Let a(d) = -264*d + 66. Determine a(0).
66
Let k(q) = 9*q - 809. Calculate k(88).
-17
Let d(j) = -2*j**3 - j**2 + j - 11. Calculate d(-2).
-1
Let u(l) = 288*l + 1145. Determine u(-4).
-7
Let t(p) = 52*p**2 + 219*p + 13. Determine t(-6).
571
Let s(a) = -7*a + 152. What is s(8)?
96
Let r(t) = t**2 - t - 114. Calculate r(10).
-24
Let q(d) = -d**3 + 6*d**2 + 52*d + 1. Give q(8).
289
Let l(r) = -2*r**2 - 27*r + 79. Give l(-17).
-40
Let j(p) = -106*p - 1087. Give j(-11).
79
Let i(a) = -841*a + 28663. Calculate i(34).
69
Let w(s) = 54*s**2 + 2*s - 1. What is w(1)?
55
Let b(n) = 2*n**3 - 7*n**2 + 9*n - 20. Calculate b(3).
-2
Let m(n) = -16*n**3 - 60*n**2 + 17*n + 9. Calculate m(-4).
5
Let q(z) = 66*z - 609. Calculate q(12).
183
Let b(c) = -31*c**3 - 276*c**2 + 21*c + 10. Give b(-9).
64
Let u(t) = -1890*t - 1886. What is u(-1)?
4
Let z(y) = -213*y - 5334. What is z(-25)?
-9
Let a(f) = -928*f - 